{"id":621,"date":"2025-12-12T09:32:40","date_gmt":"2025-12-12T09:32:40","guid":{"rendered":"https:\/\/kotmorski.fund\/?page_id=621"},"modified":"2026-03-04T11:32:23","modified_gmt":"2026-03-04T11:32:23","slug":"nasze-projekty","status":"publish","type":"page","link":"https:\/\/kotmorski.fund\/?page_id=621","title":{"rendered":"Nasze projekty"},"content":{"rendered":"\n<p>Nasza dzia\u0142alno\u015b\u0107 zawiera si\u0119 w Art. 4. Ustawy o dzia\u0142alno\u015bci po\u017cytku publicznego i o wolontariacie, a w zwi\u0105zku z tym aplikujemy o dotacje i granty. Patronujemy i wspieramy inicjatywy, kt\u00f3re s\u0105 realizowane przez naszych wolontariuszy z minigrant\u00f3w.<\/p>\n\n\n\n<p>Aktualnie realizujemy grant Fundacji Orlen dla Pomorza z programu &#8222;Adaptacja klimatyczna dla P\u00f3\u0142nocnej Polski&#8221; zatytu\u0142owany &#8222;P\u0142ywaj\u0105cy infobox czyli zrozumie\u0107 i zaradzi\u0107 zmianom klimatu&#8221;<\/p>\n\n\n\n<h3 class=\"wp-block-heading\"><strong><a href=\"https:\/\/kotmorski.fund\/?p=626\">Projekty 2025<\/a><\/strong><\/h3>\n\n\n\n<p><\/p>\n","protected":false},"excerpt":{"rendered":"<p>Nasza dzia\u0142alno\u015b\u0107 zawiera si\u0119 w Art. 4. Ustawy o dzia\u0142alno\u015bci po\u017cytku publicznego i o wolontariacie, a w zwi\u0105zku z tym aplikujemy o dotacje i granty. Patronujemy i wspieramy inicjatywy, kt\u00f3re s\u0105 realizowane przez naszych wolontariuszy z minigrant\u00f3w. Aktualnie realizujemy grant Fundacji Orlen dla Pomorza z programu &#8222;Adaptacja klimatyczna dla P\u00f3\u0142nocnej Polski&#8221; zatytu\u0142owany &#8222;P\u0142ywaj\u0105cy infobox czyli&hellip;&nbsp;<a href=\"https:\/\/kotmorski.fund\/?page_id=621\" rel=\"bookmark\">Dowiedz si\u0119 wi\u0119cej &raquo;<span class=\"screen-reader-text\">Nasze projekty<\/span><\/a><\/p>\n","protected":false},"author":1,"featured_media":0,"parent":0,"menu_order":0,"comment_status":"closed","ping_status":"closed","template":"","meta":{"neve_meta_sidebar":"","neve_meta_container":"","neve_meta_enable_content_width":"","neve_meta_content_width":0,"neve_meta_title_alignment":"","neve_meta_author_avatar":"","neve_post_elements_order":"","neve_meta_disable_header":"","neve_meta_disable_footer":"","neve_meta_disable_title":"","_themeisle_gutenberg_block_has_review":false,"footnotes":""},"class_list":["post-621","page","type-page","status-publish","hentry"],"_links":{"self":[{"href":"https:\/\/kotmorski.fund\/index.php?rest_route=\/wp\/v2\/pages\/621","targetHints":{"allow":["GET"]}}],"collection":[{"href":"https:\/\/kotmorski.fund\/index.php?rest_route=\/wp\/v2\/pages"}],"about":[{"href":"https:\/\/kotmorski.fund\/index.php?rest_route=\/wp\/v2\/types\/page"}],"author":[{"embeddable":true,"href":"https:\/\/kotmorski.fund\/index.php?rest_route=\/wp\/v2\/users\/1"}],"replies":[{"embeddable":true,"href":"https:\/\/kotmorski.fund\/index.php?rest_route=%2Fwp%2Fv2%2Fcomments&post=621"}],"version-history":[{"count":3,"href":"https:\/\/kotmorski.fund\/index.php?rest_route=\/wp\/v2\/pages\/621\/revisions"}],"predecessor-version":[{"id":679,"href":"https:\/\/kotmorski.fund\/index.php?rest_route=\/wp\/v2\/pages\/621\/revisions\/679"}],"wp:attachment":[{"href":"https:\/\/kotmorski.fund\/index.php?rest_route=%2Fwp%2Fv2%2Fmedia&parent=621"}],"curies":[{"name":"wp","href":"https:\/\/api.w.org\/{rel}","templated":true}]}}