{"id":401,"date":"2025-01-21T13:25:57","date_gmt":"2025-01-21T13:25:57","guid":{"rendered":"https:\/\/kotmorski.fund\/?page_id=401"},"modified":"2025-02-21T12:14:03","modified_gmt":"2025-02-21T12:14:03","slug":"weprzyj-nas","status":"publish","type":"page","link":"https:\/\/kotmorski.fund\/?page_id=401","title":{"rendered":"Weprzyj nas"},"content":{"rendered":"\n<p class=\"has-text-align-center\">Je\u015bli doceniasz nasze dzia\u0142ania, mo\u017cesz nas wesprze\u0107.<\/p>\n\n\n\n<p class=\"has-text-align-center\">Jak?<\/p>\n\n\n\n<p class=\"has-text-align-center\"><strong>Materialnie!<\/strong><\/p>\n\n\n\n<p class=\"has-text-align-center\">Darowizna pieni\u0119\u017cna <strong>na cele statutowe<\/strong> &#8211; <a href=\"https:\/\/kotmorski.fund\/?page_id=398\">nasze dane tutaj<\/a><\/p>\n\n\n\n<p class=\"has-text-align-center\">Darowizna <strong>rzeczowa<\/strong> na cele statutowe,<br>na dalsze prowadzenie naszej dzia\u0142alno\u015bci.<br><a href=\"https:\/\/kotmorski.fund\/?page_id=478\">lista rzeczy<\/a>, kt\u00f3re ch\u0119tnie <strong>przygarniemy<\/strong><br>(<strong>Tobie niepotrzebne<\/strong>, a nam si\u0119 przydadz\u0105).<\/p>\n\n\n\n<p class=\"has-text-align-center\"><strong>Niematerialnie!<\/strong><\/p>\n\n\n\n<p class=\"has-text-align-center\"><strong>Rozpowszechniaj<\/strong> wiadomo\u015bci o naszych dzia\u0142aniach, powiedz o nas znajomym, wsp\u00f3\u0142pracownikom, rodzinie.<br>Lajkuj nas na Facebooku, subuj na YouTubie i followuj na instagramie &#8211; lista <a href=\"https:\/\/kotmorski.fund\/?page_id=457\"><strong>naszych medi\u00f3w<\/strong><\/a> <a href=\"https:\/\/kotmorski.fund\/?page_id=424\">tutaj<\/a>.<\/p>\n\n\n\n<p class=\"has-text-align-center\">Zosta\u0144 naszym <a href=\"https:\/\/kotmorski.fund\/?page_id=457\"><strong>ambasadorem<\/strong><\/a>!<\/p>\n\n\n\n<p class=\"has-text-align-center\">Zosta\u0144 naszym wsp\u00f3\u0142pracownikiem \/ cz\u0142onkiem ekipy!<\/p>\n","protected":false},"excerpt":{"rendered":"<p>Je\u015bli doceniasz nasze dzia\u0142ania, mo\u017cesz nas wesprze\u0107. Jak? Materialnie! Darowizna pieni\u0119\u017cna na cele statutowe &#8211; nasze dane tutaj Darowizna rzeczowa na cele statutowe,na dalsze prowadzenie naszej dzia\u0142alno\u015bci.lista rzeczy, kt\u00f3re ch\u0119tnie przygarniemy(Tobie niepotrzebne, a nam si\u0119 przydadz\u0105). Niematerialnie! Rozpowszechniaj wiadomo\u015bci o naszych dzia\u0142aniach, powiedz o nas znajomym, wsp\u00f3\u0142pracownikom, rodzinie.Lajkuj nas na Facebooku, subuj na YouTubie i&hellip;&nbsp;<a href=\"https:\/\/kotmorski.fund\/?page_id=401\" rel=\"bookmark\">Dowiedz si\u0119 wi\u0119cej &raquo;<span class=\"screen-reader-text\">Weprzyj nas<\/span><\/a><\/p>\n","protected":false},"author":1,"featured_media":0,"parent":0,"menu_order":0,"comment_status":"closed","ping_status":"closed","template":"","meta":{"neve_meta_sidebar":"","neve_meta_container":"","neve_meta_enable_content_width":"","neve_meta_content_width":0,"neve_meta_title_alignment":"","neve_meta_author_avatar":"","neve_post_elements_order":"","neve_meta_disable_header":"","neve_meta_disable_footer":"","neve_meta_disable_title":"","_themeisle_gutenberg_block_has_review":false,"footnotes":""},"class_list":["post-401","page","type-page","status-publish","hentry"],"_links":{"self":[{"href":"https:\/\/kotmorski.fund\/index.php?rest_route=\/wp\/v2\/pages\/401","targetHints":{"allow":["GET"]}}],"collection":[{"href":"https:\/\/kotmorski.fund\/index.php?rest_route=\/wp\/v2\/pages"}],"about":[{"href":"https:\/\/kotmorski.fund\/index.php?rest_route=\/wp\/v2\/types\/page"}],"author":[{"embeddable":true,"href":"https:\/\/kotmorski.fund\/index.php?rest_route=\/wp\/v2\/users\/1"}],"replies":[{"embeddable":true,"href":"https:\/\/kotmorski.fund\/index.php?rest_route=%2Fwp%2Fv2%2Fcomments&post=401"}],"version-history":[{"count":5,"href":"https:\/\/kotmorski.fund\/index.php?rest_route=\/wp\/v2\/pages\/401\/revisions"}],"predecessor-version":[{"id":480,"href":"https:\/\/kotmorski.fund\/index.php?rest_route=\/wp\/v2\/pages\/401\/revisions\/480"}],"wp:attachment":[{"href":"https:\/\/kotmorski.fund\/index.php?rest_route=%2Fwp%2Fv2%2Fmedia&parent=401"}],"curies":[{"name":"wp","href":"https:\/\/api.w.org\/{rel}","templated":true}]}}